{"id":1618,"date":"2019-05-24T12:02:45","date_gmt":"2019-05-24T10:02:45","guid":{"rendered":"https:\/\/www.cematec.org\/qui-som\/"},"modified":"2022-06-16T21:54:44","modified_gmt":"2022-06-16T19:54:44","slug":"qui-som","status":"publish","type":"page","link":"https:\/\/www.cematec.org\/ca\/qui-som\/","title":{"rendered":"Qui Som"},"content":{"rendered":"<div class=\"fusion-fullwidth fullwidth-box fusion-builder-row-1 hundred-percent-fullwidth non-hundred-percent-height-scrolling fusion-equal-height-columns\"  style='background-color: rgba(255,255,255,0);background-position: center center;background-repeat: no-repeat;padding-top:0px;padding-right:0px;padding-bottom:0px;padding-left:0px;'><div class=\"fusion-builder-row fusion-row \"><div  class=\"fusion-layout-column fusion_builder_column fusion_builder_column_1_1 fusion-builder-column-0 fusion-one-full fusion-column-first fusion-column-last 1_1\"  style='margin-top:0px;margin-bottom:0px;'><div class=\"fusion-column-wrapper\" style=\"padding: 50px 0% 100px 0%;background-position:left top;background-repeat:no-repeat;-webkit-background-size:cover;-moz-background-size:cover;-o-background-size:cover;background-size:cover;\"   data-bg-url=\"\"><div class=\"fusion-text\"><p>L&#8217;equip <strong>Cematec<\/strong> amb el <strong>Dr Pous<\/strong> representa la constant inquietud per aplicar noves tecnologies en medicina, sempre amb la m\u00e0xima \u00e8tica i professionalitat i els seus m\u00e8todes de tractament s\u00f3n innovadors, per\u00f2 \u00e0mpliament contrastats.<\/p>\n<p>Els professionals de <strong>Cematec<\/strong> implementen noves ter\u00e0pies f\u00edsiques, biol\u00f2giques, sense cirurgia o cirurgies m\u00ednimament invasives en les seves diferents especialitats i col\u00b7laboren en estudis cl\u00ednics en ter\u00e0pies de regeneraci\u00f3 tisular i en investigaci\u00f3 de patologies degeneratives.<\/p>\n<p><strong>Cematec<\/strong> est\u00e0 en contacte permanent amb les \u00faltimes novetats que apareixen a la comunitat cient\u00edfica, per\u00f2 en la perspectiva de la seva efic\u00e0cia. Als nostres centres es proposen altres alternatives de tractaments, proposant quin \u00e9s el m\u00e9s adequat al seu problema<\/p>\n<p>L&#8217;equip de professionals de <strong>Cematec<\/strong> treballa a les diferents \u00e0rees, dins de la Cirurgia Ortop\u00e8dica, Traumatologia, Fisioter\u00e0pia, Medicina esportiva, Reumatologia i en el tractament integral de l&#8217;Osteoporosi.<\/p>\n<\/div><div class=\"fusion-clearfix\"><\/div><\/div><\/div><\/div><\/div>\n","protected":false},"excerpt":{"rendered":"","protected":false},"author":1,"featured_media":0,"parent":0,"menu_order":0,"comment_status":"closed","ping_status":"closed","template":"","meta":{"footnotes":""},"yoast_head":"<!-- This site is optimized with the Yoast SEO plugin v21.0 - https:\/\/yoast.com\/wordpress\/plugins\/seo\/ -->\n<title>Qui Som - CEMATEC<\/title>\n<meta name=\"robots\" content=\"index, follow, max-snippet:-1, max-image-preview:large, max-video-preview:-1\" \/>\n<link rel=\"canonical\" href=\"https:\/\/www.cematec.org\/ca\/qui-som\/\" \/>\n<meta property=\"og:locale\" content=\"ca_ES\" \/>\n<meta property=\"og:type\" content=\"article\" \/>\n<meta property=\"og:title\" content=\"Qui Som - CEMATEC\" \/>\n<meta property=\"og:url\" content=\"https:\/\/www.cematec.org\/ca\/qui-som\/\" \/>\n<meta property=\"og:site_name\" content=\"CEMATEC\" \/>\n<meta property=\"article:modified_time\" content=\"2022-06-16T19:54:44+00:00\" \/>\n<meta name=\"twitter:card\" content=\"summary_large_image\" \/>\n<meta name=\"twitter:label1\" content=\"Temps estimat de lectura\" \/>\n\t<meta name=\"twitter:data1\" content=\"2 minuts\" \/>\n<script type=\"application\/ld+json\" class=\"yoast-schema-graph\">{\"@context\":\"https:\/\/schema.org\",\"@graph\":[{\"@type\":\"WebPage\",\"@id\":\"https:\/\/www.cematec.org\/ca\/qui-som\/\",\"url\":\"https:\/\/www.cematec.org\/ca\/qui-som\/\",\"name\":\"Qui Som - CEMATEC\",\"isPartOf\":{\"@id\":\"https:\/\/www.cematec.org\/ca\/#website\"},\"datePublished\":\"2019-05-24T10:02:45+00:00\",\"dateModified\":\"2022-06-16T19:54:44+00:00\",\"breadcrumb\":{\"@id\":\"https:\/\/www.cematec.org\/ca\/qui-som\/#breadcrumb\"},\"inLanguage\":\"ca\",\"potentialAction\":[{\"@type\":\"ReadAction\",\"target\":[\"https:\/\/www.cematec.org\/ca\/qui-som\/\"]}]},{\"@type\":\"BreadcrumbList\",\"@id\":\"https:\/\/www.cematec.org\/ca\/qui-som\/#breadcrumb\",\"itemListElement\":[{\"@type\":\"ListItem\",\"position\":1,\"name\":\"Portada\",\"item\":\"https:\/\/www.cematec.org\/ca\/\"},{\"@type\":\"ListItem\",\"position\":2,\"name\":\"Qui Som\"}]},{\"@type\":\"WebSite\",\"@id\":\"https:\/\/www.cematec.org\/ca\/#website\",\"url\":\"https:\/\/www.cematec.org\/ca\/\",\"name\":\"CEMATEC\",\"description\":\"Traumatolog\u00eda Barcelona\",\"publisher\":{\"@id\":\"https:\/\/www.cematec.org\/ca\/#organization\"},\"potentialAction\":[{\"@type\":\"SearchAction\",\"target\":{\"@type\":\"EntryPoint\",\"urlTemplate\":\"https:\/\/www.cematec.org\/ca\/?s={search_term_string}\"},\"query-input\":\"required name=search_term_string\"}],\"inLanguage\":\"ca\"},{\"@type\":\"Organization\",\"@id\":\"https:\/\/www.cematec.org\/ca\/#organization\",\"name\":\"CEMATEC\",\"url\":\"https:\/\/www.cematec.org\/ca\/\",\"logo\":{\"@type\":\"ImageObject\",\"inLanguage\":\"ca\",\"@id\":\"https:\/\/www.cematec.org\/ca\/#\/schema\/logo\/image\/\",\"url\":\"https:\/\/www.cematec.org\/wp-content\/uploads\/2019\/04\/Logo.gif\",\"contentUrl\":\"https:\/\/www.cematec.org\/wp-content\/uploads\/2019\/04\/Logo.gif\",\"width\":400,\"height\":136,\"caption\":\"CEMATEC\"},\"image\":{\"@id\":\"https:\/\/www.cematec.org\/ca\/#\/schema\/logo\/image\/\"}}]}<\/script>\n<!-- \/ Yoast SEO plugin. -->","yoast_head_json":{"title":"Qui Som - CEMATEC","robots":{"index":"index","follow":"follow","max-snippet":"max-snippet:-1","max-image-preview":"max-image-preview:large","max-video-preview":"max-video-preview:-1"},"canonical":"https:\/\/www.cematec.org\/ca\/qui-som\/","og_locale":"ca_ES","og_type":"article","og_title":"Qui Som - CEMATEC","og_url":"https:\/\/www.cematec.org\/ca\/qui-som\/","og_site_name":"CEMATEC","article_modified_time":"2022-06-16T19:54:44+00:00","twitter_card":"summary_large_image","twitter_misc":{"Temps estimat de lectura":"2 minuts"},"schema":{"@context":"https:\/\/schema.org","@graph":[{"@type":"WebPage","@id":"https:\/\/www.cematec.org\/ca\/qui-som\/","url":"https:\/\/www.cematec.org\/ca\/qui-som\/","name":"Qui Som - CEMATEC","isPartOf":{"@id":"https:\/\/www.cematec.org\/ca\/#website"},"datePublished":"2019-05-24T10:02:45+00:00","dateModified":"2022-06-16T19:54:44+00:00","breadcrumb":{"@id":"https:\/\/www.cematec.org\/ca\/qui-som\/#breadcrumb"},"inLanguage":"ca","potentialAction":[{"@type":"ReadAction","target":["https:\/\/www.cematec.org\/ca\/qui-som\/"]}]},{"@type":"BreadcrumbList","@id":"https:\/\/www.cematec.org\/ca\/qui-som\/#breadcrumb","itemListElement":[{"@type":"ListItem","position":1,"name":"Portada","item":"https:\/\/www.cematec.org\/ca\/"},{"@type":"ListItem","position":2,"name":"Qui Som"}]},{"@type":"WebSite","@id":"https:\/\/www.cematec.org\/ca\/#website","url":"https:\/\/www.cematec.org\/ca\/","name":"CEMATEC","description":"Traumatolog\u00eda Barcelona","publisher":{"@id":"https:\/\/www.cematec.org\/ca\/#organization"},"potentialAction":[{"@type":"SearchAction","target":{"@type":"EntryPoint","urlTemplate":"https:\/\/www.cematec.org\/ca\/?s={search_term_string}"},"query-input":"required name=search_term_string"}],"inLanguage":"ca"},{"@type":"Organization","@id":"https:\/\/www.cematec.org\/ca\/#organization","name":"CEMATEC","url":"https:\/\/www.cematec.org\/ca\/","logo":{"@type":"ImageObject","inLanguage":"ca","@id":"https:\/\/www.cematec.org\/ca\/#\/schema\/logo\/image\/","url":"https:\/\/www.cematec.org\/wp-content\/uploads\/2019\/04\/Logo.gif","contentUrl":"https:\/\/www.cematec.org\/wp-content\/uploads\/2019\/04\/Logo.gif","width":400,"height":136,"caption":"CEMATEC"},"image":{"@id":"https:\/\/www.cematec.org\/ca\/#\/schema\/logo\/image\/"}}]}},"_links":{"self":[{"href":"https:\/\/www.cematec.org\/ca\/wp-json\/wp\/v2\/pages\/1618"}],"collection":[{"href":"https:\/\/www.cematec.org\/ca\/wp-json\/wp\/v2\/pages"}],"about":[{"href":"https:\/\/www.cematec.org\/ca\/wp-json\/wp\/v2\/types\/page"}],"author":[{"embeddable":true,"href":"https:\/\/www.cematec.org\/ca\/wp-json\/wp\/v2\/users\/1"}],"replies":[{"embeddable":true,"href":"https:\/\/www.cematec.org\/ca\/wp-json\/wp\/v2\/comments?post=1618"}],"version-history":[{"count":2,"href":"https:\/\/www.cematec.org\/ca\/wp-json\/wp\/v2\/pages\/1618\/revisions"}],"predecessor-version":[{"id":1623,"href":"https:\/\/www.cematec.org\/ca\/wp-json\/wp\/v2\/pages\/1618\/revisions\/1623"}],"wp:attachment":[{"href":"https:\/\/www.cematec.org\/ca\/wp-json\/wp\/v2\/media?parent=1618"}],"curies":[{"name":"wp","href":"https:\/\/api.w.org\/{rel}","templated":true}]}}

<div class="fusion-fullwidth fullwidth-box fusion-builder-row-1 hundred-percent-fullwidth non-hundred-percent-height-scrolling fusion-equal-height-columns"  style='background-color: rgba(255,255,255,0);background-position: center center;background-repeat: no-repeat;padding-top:0px;padding-right:0px;padding-bottom:0px;padding-left:0px;'><div class="fusion-builder-row fusion-row "><div  class="fusion-layout-column fusion_builder_column fusion_builder_column_1_1 fusion-builder-column-0 fusion-one-full fusion-column-first fusion-column-last 1_1"  style='margin-top:0px;margin-bottom:0px;'><div class="fusion-column-wrapper" style="padding: 50px 0% 100px 0%;background-position:left top;background-repeat:no-repeat;-webkit-background-size:cover;-moz-background-size:cover;-o-background-size:cover;background-size:cover;"   data-bg-url=""><div class="fusion-text"><p>L&#8217;equip <strong>Cematec</strong> amb el <strong>Dr Pous</strong> representa la constant inquietud per aplicar noves tecnologies en medicina, sempre amb la màxima ètica i professionalitat i els seus mètodes de tractament són innovadors, però àmpliament contrastats.</p>
<p>Els professionals de <strong>Cematec</strong> implementen noves teràpies físiques, biològiques, sense cirurgia o cirurgies mínimament invasives en les seves diferents especialitats i col·laboren en estudis clínics en teràpies de regeneració tisular i en investigació de patologies degeneratives.</p>
<p><strong>Cematec</strong> està en contacte permanent amb les últimes novetats que apareixen a la comunitat científica, però en la perspectiva de la seva eficàcia. Als nostres centres es proposen altres alternatives de tractaments, proposant quin és el més adequat al seu problema</p>
<p>L&#8217;equip de professionals de <strong>Cematec</strong> treballa a les diferents àrees, dins de la Cirurgia Ortopèdica, Traumatologia, Fisioteràpia, Medicina esportiva, Reumatologia i en el tractament integral de l&#8217;Osteoporosi.</p>
</div><div class="fusion-clearfix"></div></div></div></div></div>

<!-- This site is optimized with the Yoast SEO plugin v21.0 - https://yoast.com/wordpress/plugins/seo/ -->
<title>Qui Som - CEMATEC</title>
<meta name="robots" content="index, follow, max-snippet:-1, max-image-preview:large, max-video-preview:-1" />
<link rel="canonical" href="https://www.cematec.org/ca/qui-som/" />
<meta property="og:locale" content="ca_ES" />
<meta property="og:type" content="article" />
<meta property="og:title" content="Qui Som - CEMATEC" />
<meta property="og:url" content="https://www.cematec.org/ca/qui-som/" />
<meta property="og:site_name" content="CEMATEC" />
<meta property="article:modified_time" content="2022-06-16T19:54:44+00:00" />
<meta name="twitter:card" content="summary_large_image" />
<meta name="twitter:label1" content="Temps estimat de lectura" />
	<meta name="twitter:data1" content="2 minuts" />
<script type="application/ld+json" class="yoast-schema-graph">{"@context":"https://schema.org","@graph":[{"@type":"WebPage","@id":"https://www.cematec.org/ca/qui-som/","url":"https://www.cematec.org/ca/qui-som/","name":"Qui Som - CEMATEC","isPartOf":{"@id":"https://www.cematec.org/ca/#website"},"datePublished":"2019-05-24T10:02:45+00:00","dateModified":"2022-06-16T19:54:44+00:00","breadcrumb":{"@id":"https://www.cematec.org/ca/qui-som/#breadcrumb"},"inLanguage":"ca","potentialAction":[{"@type":"ReadAction","target":["https://www.cematec.org/ca/qui-som/"]}]},{"@type":"BreadcrumbList","@id":"https://www.cematec.org/ca/qui-som/#breadcrumb","itemListElement":[{"@type":"ListItem","position":1,"name":"Portada","item":"https://www.cematec.org/ca/"},{"@type":"ListItem","position":2,"name":"Qui Som"}]},{"@type":"WebSite","@id":"https://www.cematec.org/ca/#website","url":"https://www.cematec.org/ca/","name":"CEMATEC","description":"Traumatología Barcelona","publisher":{"@id":"https://www.cematec.org/ca/#organization"},"potentialAction":[{"@type":"SearchAction","target":{"@type":"EntryPoint","urlTemplate":"https://www.cematec.org/ca/?s={search_term_string}"},"query-input":"required name=search_term_string"}],"inLanguage":"ca"},{"@type":"Organization","@id":"https://www.cematec.org/ca/#organization","name":"CEMATEC","url":"https://www.cematec.org/ca/","logo":{"@type":"ImageObject","inLanguage":"ca","@id":"https://www.cematec.org/ca/#/schema/logo/image/","url":"https://www.cematec.org/wp-content/uploads/2019/04/Logo.gif","contentUrl":"https://www.cematec.org/wp-content/uploads/2019/04/Logo.gif","width":400,"height":136,"caption":"CEMATEC"},"image":{"@id":"https://www.cematec.org/ca/#/schema/logo/image/"}}]}</script>
<!-- / Yoast SEO plugin. -->

Traumatología Barcelona
